{"id":3021,"date":"2015-04-14T09:58:45","date_gmt":"2015-04-14T13:58:45","guid":{"rendered":"https:\/\/maratonespr.com\/?page_id=3021"},"modified":"2024-07-23T15:55:28","modified_gmt":"2024-07-23T19:55:28","slug":"nuevos-corredores","status":"publish","type":"page","link":"https:\/\/maratonespr.com\/?page_id=3021","title":{"rendered":"Nuevos corredores Q &#038; A"},"content":{"rendered":"<h3>Preguntas y respuestas<\/h3>\n<p><span style=\"color: #000000;\"><strong>Esta secci\u00f3n est\u00e1 dirigida a contestar las dudas comunes que puede tener un corredor. Las preguntas fueron seleccionadas entre las recibidas en Maratonespr.com \u00a0<\/strong><\/span><\/p>\n<h5><span style=\"color: #0000ff;\"><strong>\u00bfQu\u00e9 debo mirar al comprar unos tenis de correr?<\/strong><\/span><\/h5>\n<p>La verdad es que no es necesario que dejes tu sueldo en la tienda, pero s\u00ed es necesario que te compres un par de tenis espec\u00edficos para correr. Al preguntarles a algunos corredores estos se\u00f1alan que tener el tenis correcto para tu pie es un elemento importante. M\u00e1s all\u00e1 de comprarse el \u00faltimo modelo m\u00e1s caro lo importante es consultar un especialista o hacerse la prueba de pisada para ver cu\u00e1l es el tenis apropiado.<\/p>\n<hr \/>\n<h5><a href=\"https:\/\/maratonespr.com\/wp-content\/uploads\/2020\/01\/tomasz-wozniak-V62UrdknDCA-unsplash.jpg\"><img loading=\"lazy\" decoding=\"async\" class=\"alignnone size-full wp-image-8802\" src=\"https:\/\/maratonespr.com\/wp-content\/uploads\/2020\/01\/tomasz-wozniak-V62UrdknDCA-unsplash.jpg\" alt=\"\" width=\"768\" height=\"432\" \/><\/a><\/h5>\n<h5><span style=\"color: #0000ff;\">\u00bfCu\u00e1l es la distancia de un marat\u00f3n?<\/span><\/h5>\n<p>Generalmente en Puerto Rico muchas personas se han acostumbrado a decirle marat\u00f3n a todas las carreras 5k, 10k, 21k, etc. No obstante, los correcto es que un marat\u00f3n es \u00a0aquella carrera que tiene espec\u00edficamente la distancia de 26.2 millas o 42.195 kil\u00f3metros.<\/p>\n<hr \/>\n<h5><span style=\"color: #0000ff;\">\u00bfSi nunca he corrido, c\u00f3mo ser\u00eda bueno empezar?<\/span><\/h5>\n<p>En esas primeras semanas de iniciarte en el running puedes comenzar con solo caminar. Seg\u00fan algunos coach de running un plan de entrenamiento inicial puede ser el alternar correr y andar. Es decir, corre un minuto y luego camina otro minuto, hazlo por 15 o 20 minutos. A medida pase el tiempo gradualmente ir\u00e1s progresando hasta llega al punto de correr sin tener que caminar.<\/p>\n<hr \/>\n<h5><span style=\"color: #0000ff;\">\u00bfQu\u00e9 pasa si no mejoro corriendo?<\/span><\/h5>\n<p>Cada persona tiene capacidades atl\u00e9ticas distintas, por lo que en algunos casos puede tomar tiempo hasta que puedas correr una distancia larga sin caminar. Algo que hay que saber es que convertirse en un corredor de larga distancia toma tiempo, es a largo plazo. Los expertos recomiendan que comenzar a correr debe hacerse paso a paso, respetando cada parte del proceso. Quiz\u00e1s querer saltarse las etapas del running podr\u00eda provocar lesiones serias como sobrecargas que nos har\u00edan parar por completo la actividad y llevarnos al abandono.<\/p>\n<hr \/>\n<h5><a href=\"https:\/\/maratonespr.com\/wp-content\/uploads\/2020\/01\/jenny-hill-mQVWb7kUoOE-unsplash.jpg\"><img loading=\"lazy\" decoding=\"async\" class=\"alignnone size-full wp-image-8803\" src=\"https:\/\/maratonespr.com\/wp-content\/uploads\/2020\/01\/jenny-hill-mQVWb7kUoOE-unsplash.jpg\" alt=\"\" width=\"757\" height=\"504\" \/><\/a><\/h5>\n<h5><span style=\"color: #0000ff;\">\u00bfCu\u00e1ntas veces debo correr a la semana?<\/span><\/h5>\n<p>En esta primera etapa de inicio como corredores lo recomendable es tomar descansos para que el cuerpo se recupere. Despu\u00e9s de todo el descanso es tan importante como el entrenamiento. Seg\u00fan entrenadores se recomienda alternar un d\u00eda de correr con uno de descanso, por lo que salir tres d\u00edas por semana en d\u00edas alternos puede ser bueno para comenzar.<\/p>\n<p>No hay que olvidar que cuando alguien comienza a correr su cuerpo todav\u00eda no est\u00e1 acostumbrado a la actividad f\u00edsica constante, por lo que hay que llevarlo por etapas.<\/p>\n<hr \/>\n<h5><span style=\"color: #0000ff;\">\u00bfA qu\u00e9 edad se debe empezar a correr?<\/span><\/h5>\n<p>No hay una edad particular para iniciarse en el running. Seg\u00fan algunos art\u00edculos sobre el tema esto va a depender de los objetivos que tenga la persona. Por ejemplo, si se aspira a ser un corredor recreacional la edad no es un factor significativo, pero si la meta es correr de forma competitiva podr\u00eda serlo. Actualmente, hay personas de casi todas las edades que corren desde un 5k hasta maratones.<\/p>\n<p>Lo importante es hacerse una revisi\u00f3n m\u00e9dica antes de lanzarse.<\/p>\n<p><a href=\"https:\/\/maratonespr.com\/?page_id=10296\"><img loading=\"lazy\" decoding=\"async\" class=\"alignnone size-full wp-image-5756\" src=\"https:\/\/maratonespr.com\/wp-content\/uploads\/2017\/06\/Banner-plan-de-entrenamineto.jpg\" alt=\"\" width=\"1000\" height=\"300\" srcset=\"https:\/\/maratonespr.com\/wp-content\/uploads\/2017\/06\/Banner-plan-de-entrenamineto.jpg 1000w, https:\/\/maratonespr.com\/wp-content\/uploads\/2017\/06\/Banner-plan-de-entrenamineto-300x90.jpg 300w, https:\/\/maratonespr.com\/wp-content\/uploads\/2017\/06\/Banner-plan-de-entrenamineto-768x230.jpg 768w, https:\/\/maratonespr.com\/wp-content\/uploads\/2017\/06\/Banner-plan-de-entrenamineto-600x180.jpg 600w\" sizes=\"auto, (max-width: 1000px) 100vw, 1000px\" \/><\/a><\/p>\n<hr \/>\n<h5><span style=\"color: #0000ff;\">\u00bfEs importante calentar antes de correr?<\/span><\/h5>\n<p>Expertos se\u00f1alan que solamente son necesarios alrededor de siete minutos de estiramiento una vez finalizada la rutina de correr. Estirar despu\u00e9s de correr es el mejor momento, ya que es cuando los m\u00fasculos se encuentran calientes y son m\u00e1s f\u00e1ciles de estirar, a\u00f1aden conocedores del tema.<\/p>\n<p>Al realizar los estiramientos correctamente cada vez que se corre se puede eliminar la presi\u00f3n en los m\u00fasculos utilizado durante entrenamiento, lo que provoca una mayor circulaci\u00f3n sangu\u00ednea en las \u00e1reas trabajadas. Ciertamente, estirar los m\u00fasculos debe convertirse en una parte de la rutina de ejercicio por la pertinencia que tiene en acelerar la recuperaci\u00f3n.<\/p>\n<hr \/>\n<h5><span style=\"color: #0000ff;\">\u00bfQue relaci\u00f3n tiene correr con la alimentaci\u00f3n?<\/span><\/h5>\n<p>Algo que no se pod\u00eda quedar fuera es la alimentaci\u00f3n que debe llevar un corredor. Es importante dejar saber que una dieta sana es el complemento perfecto para las personas que corren, algo que lo ayudar\u00e1 a tener un mejor desempe\u00f1o. De hecho, aunque muchos se inician en este deporte como una manera de perder peso no necesariamente es lo que todos buscan. Lo que se va a comer depender\u00e1 de a qu\u00e9 hora se saldr\u00e1 a correr, si en la ma\u00f1ana o por la tarde. De salir a correr temprano es importante no hacerlo en ayuna, al hacerlo en la tarde al menos come algo dos horas antes. Tambi\u00e9n, en todo momento es necesario estar pendiente a la hidrataci\u00f3n antes y despu\u00e9s de correr.<\/p>\n<hr \/>\n<h5><a href=\"https:\/\/maratonespr.com\/wp-content\/uploads\/2020\/01\/stage-7-photography-bVcoKBD2mcs-unsplash.jpg\"><img loading=\"lazy\" decoding=\"async\" class=\"alignnone size-full wp-image-8805\" src=\"https:\/\/maratonespr.com\/wp-content\/uploads\/2020\/01\/stage-7-photography-bVcoKBD2mcs-unsplash.jpg\" alt=\"\" width=\"601\" height=\"432\" \/><\/a><\/h5>\n<h5><span style=\"color: #0000ff;\">\u00bfC\u00f3mo puedo mejorar mis destrezas de correr?<\/span><\/h5>\n<p>Posiblemente puede optar por unirse a alg\u00fan club de corredores en su \u00e1rea, esto aveces ayuda con la motivaci\u00f3n. Tambi\u00e9n, puede consultar alg\u00fan coach profesional que le pueda hacer recomendaciones.<\/p>\n<p>Maratonespr.com realiza peri\u00f3dicamente unos talleres de running donde los participantes pueden aclarar sus dudas respecto a correr (por ejemplo, la postura correcta, c\u00f3mo pisar, la forma correcta de utilizar los brazos, etc.). El taller esta dirigido a fortalecer las destrezas de correr con la asesor\u00eda de un corredor profesional. De interesar recibir informaci\u00f3n del pr\u00f3ximo taller puede enviar un email a: maratonespr@gmail.com .<\/p>\n<hr \/>\n<p><span style=\"color: #0000ff;\"><strong><a style=\"color: #0000ff;\" href=\"http:\/\/www.instagram.com\/maratonespr\">Haz clic aqu\u00ed para mantenerte informado de toda la informaci\u00f3n de running y maratones a trav\u00e9s de nuestra p\u00e1gina de instagram<\/a><\/strong><\/span><\/p>\n<hr \/>\n<h5><a href=\"https:\/\/maratonespr.com\/wp-content\/uploads\/2020\/01\/female-and-male-runners-on-a-marathon-2402777.jpg\"><img loading=\"lazy\" decoding=\"async\" class=\"alignnone size-full wp-image-8808\" src=\"https:\/\/maratonespr.com\/wp-content\/uploads\/2020\/01\/female-and-male-runners-on-a-marathon-2402777.jpg\" alt=\"\" width=\"896\" height=\"504\" srcset=\"https:\/\/maratonespr.com\/wp-content\/uploads\/2020\/01\/female-and-male-runners-on-a-marathon-2402777.jpg 896w, https:\/\/maratonespr.com\/wp-content\/uploads\/2020\/01\/female-and-male-runners-on-a-marathon-2402777-768x432.jpg 768w\" sizes=\"auto, (max-width: 896px) 100vw, 896px\" \/><\/a><\/h5>\n<h5><span style=\"color: #0000ff;\">\u00bfDebo parar de correr si empieza a llover?<\/span><\/h5>\n<p>De vez en cuando correr bajo la lluvia puede ser divertido, pero hay que tener en cuenta varias recomendaciones. Por ejemplo, si es posible lleva una gorra y utiliza una ruta segura. Adem\u00e1s, si comienza a tronar debes dejar de correr e ir a un lugar seguro. Al terminar de correr bajo la lluvia c\u00e1mbiate de ropa y pon a secar las tenis lo m\u00e1s r\u00e1pido posible.<\/p>\n<p>Toma el correr bajo un aguacero como parte del entrenamiento, ya que nunca se sabe si el d\u00eda de una competencia empiece a llover.<\/p>\n<h5><span style=\"color: #0000ff;\">\u00bfCu\u00e1nto cuesta la inscripci\u00f3n para un 5k?<\/span><\/h5>\n<p>En Puerto Rico se realizan innumerables carreras cada a\u00f1o en distintos pueblos. Generalmente el costo por inscripci\u00f3n puede ir desde los $10 hasta los $40, todo dependiendo del evento que sea. Siempre es bueno que antes de inscribirse le pregunte a otros corredores si ellos la recomiendan.<\/p>\n<hr \/>\n<h5><span style=\"color: #0000ff;\">\u00bfEs mejor correr solo o en grupo?<\/span><\/h5>\n<p>Correr es un deporte que se puede practicar solo a acompa\u00f1ado. Hay corredores que prefieren entrenar solos, pero en ocasiones contar con un compa\u00f1ero de entrenamiento contribuye a mejorar. Tener un &#8220;partner&#8221; de correr puede contribuir a mejorar la motivaci\u00f3n y servir de compa\u00f1\u00eda durante esos d\u00edas de rutas largas. En Maratonespr.com hay una secci\u00f3n llamada &#8220;Amigo para correr&#8221;, donde hay un directorio de corredores por pueblo que te pueden acompa\u00f1ar a correr.<\/p>\n<hr \/>\n<h5><span style=\"color: #0000ff;\">\u00bfCu\u00e1l es la mejor tienda de corredores que hay en Puerto Rico?<\/span><\/h5>\n<p>En Puerto Rico hay m\u00faltiples tiendas especializadas en el running, pero esa respuesta la dejamos para que cada persona la conteste individualmente. No obstante, siempre es bueno observar el servicio al cliente, precio y variedad.<\/p>\n<hr \/>\n<p><strong><span style=\"color: #000000;\">Recibe informaci\u00f3n, ofertas y noticias sobre el running en Puerto Rico.<\/span><\/strong><br \/>\n<div class=\"frm_forms  with_frm_style frm_style_formidable-style\" id=\"frm_form_4_container\" >\n<form enctype=\"multipart\/form-data\" method=\"post\" class=\"frm-show-form  frm_pro_form \" id=\"form_k7rcfj\" >\n<div class=\"frm_form_fields \">\n<fieldset>\n\r\n<div class=\"frm_fields_container\">\n<input type=\"hidden\" name=\"frm_action\" value=\"create\" \/>\n<input type=\"hidden\" name=\"form_id\" value=\"4\" \/>\n<input type=\"hidden\" name=\"frm_hide_fields_4\" id=\"frm_hide_fields_4\" value=\"\" \/>\n<input type=\"hidden\" name=\"form_key\" value=\"k7rcfj\" \/>\n<input type=\"hidden\" name=\"item_meta[0]\" value=\"\" \/>\n<input type=\"hidden\" id=\"frm_submit_entry_4\" name=\"frm_submit_entry_4\" value=\"77091ecfcb\" \/><input type=\"hidden\" name=\"_wp_http_referer\" value=\"\/index.php?rest_route=%2Fwp%2Fv2%2Fpages%2F3021\" \/><div id=\"frm_field_36_container\" class=\"frm_form_field form-field  frm_top_container\">\r\n    <label for=\"field_6z9l10\" class=\"frm_primary_label\">Escribe tu Email aqu\u00ed\r\n        <span class=\"frm_required\"><\/span>\r\n    <\/label>\r\n    <input  type=\"text\" id=\"field_6z9l10\" name=\"item_meta[36]\" value=\"\"  style=\"width:300px\" data-invmsg=\"Escribe tu e-mail aqu\u00ed is invalid\" class=\"auto_width\" aria-invalid=\"false\"   \/>\r\n    \r\n    \r\n<\/div>\n<div id=\"frm_field_175_container\" class=\"frm_form_field form-field \">\n\t<div class=\"frm_submit\">\r\n\r\n<input type=\"submit\" value=\"Enviar\"  class=\"frm_final_submit\" \/>\r\n<img decoding=\"async\" class=\"frm_ajax_loading\" src=\"https:\/\/maratonespr.com\/wp-content\/plugins\/formidable\/images\/ajax_loader.gif\" alt=\"Sending\" style=\"visibility:hidden;\" \/>\r\n\r\n<\/div>\n<\/div>\n\t<input type=\"hidden\" name=\"item_key\" value=\"\" \/>\n\t\t\t<div id=\"frm_field_227_container\">\n\t\t\t<label for=\"field_w2kak\" >\n\t\t\t\tIf you are human, leave this field blank.\t\t\t<\/label>\n\t\t\t<input  id=\"field_w2kak\" type=\"text\" class=\"frm_form_field form-field frm_verify\" name=\"item_meta[227]\" value=\"\"  \/>\n\t\t<\/div>\n\t\t<input name=\"frm_state\" type=\"hidden\" value=\"\/pHXrwI+CicdGSzuvDtnDJ55KaDR+isyvfLyZIF4gH3S\/iqYYQAllFQYC2eURgo0\" \/><\/div>\n<\/fieldset>\n<\/div>\n\n<\/form>\n<\/div>\n\n<h5><a href=\"https:\/\/maratonespr.com\/?p=2375\"><strong>Todo lo que necesitas saber para comenzar a correr<\/strong><\/a><\/h5>\n<p>___________________________________________<\/p>\n<p><em>La informaci\u00f3n utilizada para contestar las preguntas surge de la consulta a expertos dentro del running, as\u00ed como diversos art\u00edculos en publicaciones especializadas en el tema. Les exhortamos a visitar un m\u00e9dico antes de iniciarse en el deporte de correr.\u00a0<\/em><\/p>\n","protected":false},"excerpt":{"rendered":"<p>Preguntas y respuestas Esta secci\u00f3n est\u00e1 dirigida a contestar las dudas comunes que puede tener un corredor. Las preguntas fueron seleccionadas entre las recibidas en Maratonespr.com \u00a0 \u00bfQu\u00e9 debo mirar [&hellip;]<\/p>\n","protected":false},"author":1,"featured_media":0,"parent":0,"menu_order":0,"comment_status":"open","ping_status":"open","template":"","meta":{"footnotes":""},"class_list":["post-3021","page","type-page","status-publish","hentry"],"_links":{"self":[{"href":"https:\/\/maratonespr.com\/index.php?rest_route=\/wp\/v2\/pages\/3021","targetHints":{"allow":["GET"]}}],"collection":[{"href":"https:\/\/maratonespr.com\/index.php?rest_route=\/wp\/v2\/pages"}],"about":[{"href":"https:\/\/maratonespr.com\/index.php?rest_route=\/wp\/v2\/types\/page"}],"author":[{"embeddable":true,"href":"https:\/\/maratonespr.com\/index.php?rest_route=\/wp\/v2\/users\/1"}],"replies":[{"embeddable":true,"href":"https:\/\/maratonespr.com\/index.php?rest_route=%2Fwp%2Fv2%2Fcomments&post=3021"}],"version-history":[{"count":35,"href":"https:\/\/maratonespr.com\/index.php?rest_route=\/wp\/v2\/pages\/3021\/revisions"}],"predecessor-version":[{"id":14586,"href":"https:\/\/maratonespr.com\/index.php?rest_route=\/wp\/v2\/pages\/3021\/revisions\/14586"}],"wp:attachment":[{"href":"https:\/\/maratonespr.com\/index.php?rest_route=%2Fwp%2Fv2%2Fmedia&parent=3021"}],"curies":[{"name":"wp","href":"https:\/\/api.w.org\/{rel}","templated":true}]}}