{"id":3704,"date":"2015-08-02T09:06:38","date_gmt":"2015-08-02T13:06:38","guid":{"rendered":"https:\/\/maratonespr.com\/?page_id=3704"},"modified":"2024-10-26T07:31:05","modified_gmt":"2024-10-26T11:31:05","slug":"promociones","status":"publish","type":"page","link":"https:\/\/maratonespr.com\/?page_id=3704","title":{"rendered":"Organizaci\u00f3n de Carreras"},"content":{"rendered":"<p><a href=\"https:\/\/maratonespr.com\/wp-content\/uploads\/2023\/01\/arco-Maratonespr.jpg\"><img loading=\"lazy\" decoding=\"async\" class=\"alignnone size-full wp-image-12792\" src=\"https:\/\/maratonespr.com\/wp-content\/uploads\/2023\/01\/arco-Maratonespr.jpg\" alt=\"\" width=\"864\" height=\"389\" srcset=\"https:\/\/maratonespr.com\/wp-content\/uploads\/2023\/01\/arco-Maratonespr.jpg 864w, https:\/\/maratonespr.com\/wp-content\/uploads\/2023\/01\/arco-Maratonespr-768x346.jpg 768w, https:\/\/maratonespr.com\/wp-content\/uploads\/2023\/01\/arco-Maratonespr-300x135.jpg 300w\" sizes=\"auto, (max-width: 864px) 100vw, 864px\" \/><\/a><\/p>\n<p><strong>En Maratonespr.com te podemos ayudar a organizar la carrera 5k que piensas hacer para que esta sea un \u00e9xito. Adem\u00e1s estar contigo 24\/7 en todo el proceso de la coordinaci\u00f3n. \u00a0<\/strong><\/p>\n<p>Maratonespr.com en colaboraci\u00f3n con sus asociados ofrece el servicio de organizar carreras 5k, 10k, entre otras. Obt\u00e9n un servicio profesional con personas\u00a0experimentadas\u00a0en el montaje de este tipo de eventos. Nuestros servicios incluyen:<\/p>\n<ul>\n<li>Director t\u00e9cnico para la carrera<\/li>\n<li>Sistemas de cronometraje<\/li>\n<li>Arco de llegada<\/li>\n<li>Reloj cron\u00f3metro<\/li>\n<li>Medici\u00f3n de rutas<\/li>\n<li>Asesor\u00eda en el proceso de permisos<\/li>\n<li>Plan log\u00edstico para el evento<\/li>\n<li>Recomendaci\u00f3n de lugares para adquirir las medallas del evento<\/li>\n<li>Promoci\u00f3n del evento en todas las plataformas de Maratonespr.com<\/li>\n<li>Inscripciones Online utilizando nuestra p\u00e1gina web<\/li>\n<li>Otros<\/li>\n<\/ul>\n<p>Los servicios ofrecidos pueden ir desde la organizaci\u00f3n completa de una carrera hasta algunas cosas espec\u00edficas individuales (asesor\u00eda sobre permisos, publicidad, inscripciones<em> online<\/em>, entre otros).<\/p>\n<p><strong>P<\/strong><strong>ara contactarnos puede\u00a0escribir un email a:<\/strong>\u00a0<span style=\"color: #0000ff;\">maratonespr@gmail.com<\/span><\/p>\n<h5><\/h5>\n","protected":false},"excerpt":{"rendered":"<p>En Maratonespr.com te podemos ayudar a organizar la carrera 5k que piensas hacer para que esta sea un \u00e9xito. Adem\u00e1s estar contigo 24\/7 en todo el proceso de la coordinaci\u00f3n. [&hellip;]<\/p>\n","protected":false},"author":1,"featured_media":0,"parent":0,"menu_order":0,"comment_status":"closed","ping_status":"closed","template":"page-fullwidth.php","meta":{"footnotes":""},"class_list":["post-3704","page","type-page","status-publish","hentry"],"_links":{"self":[{"href":"https:\/\/maratonespr.com\/index.php?rest_route=\/wp\/v2\/pages\/3704","targetHints":{"allow":["GET"]}}],"collection":[{"href":"https:\/\/maratonespr.com\/index.php?rest_route=\/wp\/v2\/pages"}],"about":[{"href":"https:\/\/maratonespr.com\/index.php?rest_route=\/wp\/v2\/types\/page"}],"author":[{"embeddable":true,"href":"https:\/\/maratonespr.com\/index.php?rest_route=\/wp\/v2\/users\/1"}],"replies":[{"embeddable":true,"href":"https:\/\/maratonespr.com\/index.php?rest_route=%2Fwp%2Fv2%2Fcomments&post=3704"}],"version-history":[{"count":37,"href":"https:\/\/maratonespr.com\/index.php?rest_route=\/wp\/v2\/pages\/3704\/revisions"}],"predecessor-version":[{"id":15066,"href":"https:\/\/maratonespr.com\/index.php?rest_route=\/wp\/v2\/pages\/3704\/revisions\/15066"}],"wp:attachment":[{"href":"https:\/\/maratonespr.com\/index.php?rest_route=%2Fwp%2Fv2%2Fmedia&parent=3704"}],"curies":[{"name":"wp","href":"https:\/\/api.w.org\/{rel}","templated":true}]}}