{"id":16664,"date":"2026-05-01T11:01:11","date_gmt":"2026-05-01T15:01:11","guid":{"rendered":"https:\/\/maratonespr.com\/?post_type=tribe_events&#038;p=16664"},"modified":"2026-05-01T11:03:53","modified_gmt":"2026-05-01T15:03:53","slug":"5k-cada-paso-por-la-familia","status":"publish","type":"tribe_events","link":"https:\/\/maratonespr.com\/?tribe_events=5k-cada-paso-por-la-familia","title":{"rendered":"5K Cada Paso Por La Familia @ San Juan"},"content":{"rendered":"<div>Es organizado por la Fundaci\u00f3n Proyecto PaMaRa, con el lema: \u201cCreando Sue\u00f1os, Inspirando Vidas, Acompa\u00f1ando Caminos\u201d. En esta edici\u00f3n 2026 celebramos bajo el lema \u201cRa\u00edces y Esperanza\u201d, un homenaje especial dedicado a nuestros abuelos, quienes representan el origen de nuestras historias, valores y tradiciones.<\/div>\n<div>A trav\u00e9s de este evento, buscamos sensibilizar a la comunidad sobre la importancia de compartir en familia, fortalecer los lazos intergeneracionales y promover un estilo de vida saludable a trav\u00e9s de la actividad f\u00edsica. Asimismo, honramos el legado de quienes nos precedieron, reconociendo en cada paso la sabidur\u00eda, el amor y la gu\u00eda que nos brindan nuestros adultos mayores.<\/div>\n<div><\/div>\n<h4>Fecha: S\u00e1bado 27 de junio de 2026<\/h4>\n<h4>Lugar: Eco&#8217;s Sports Park &#8211; Stadium St, San Juan,<\/h4>\n<h4>Hora: 6:00 am<\/h4>\n<h4>Inscripciones: <a href=\"https:\/\/eventivate.com\/Events\/View\/5K-Cada-Paso-Por-La-Familia-2026\" target=\"_blank\" rel=\"noopener\">Hacer clic aqu\u00ed<\/a><\/h4>\n<div>Incluye: T-Shirt conmemorativa del evento, n\u00famero de participaci\u00f3n, chip de cronometraje, medalla y refrigerios.<\/div>\n<div>Se otorgar\u00e1n premios a los tres (3) primeros lugares de cada categoria, en las ramas masculina y femenina.<\/div>\n<div><a href=\"https:\/\/maratonespr.com\/wp-content\/uploads\/2026\/05\/Route2.jpg\"><img loading=\"lazy\" decoding=\"async\" class=\"alignnone wp-image-16668\" src=\"https:\/\/maratonespr.com\/wp-content\/uploads\/2026\/05\/Route2.jpg\" alt=\"\" width=\"886\" height=\"472\" srcset=\"https:\/\/maratonespr.com\/wp-content\/uploads\/2026\/05\/Route2.jpg 946w, https:\/\/maratonespr.com\/wp-content\/uploads\/2026\/05\/Route2-768x409.jpg 768w, https:\/\/maratonespr.com\/wp-content\/uploads\/2026\/05\/Route2-300x160.jpg 300w\" sizes=\"auto, (max-width: 886px) 100vw, 886px\" \/><\/a><\/div>\n<div><\/div>\n","protected":false},"excerpt":{"rendered":"<p>Es organizado por la Fundaci\u00f3n Proyecto PaMaRa, con el lema: \u201cCreando Sue\u00f1os, Inspirando Vidas, Acompa\u00f1ando Caminos\u201d. En esta edici\u00f3n 2026 celebramos bajo el lema \u201cRa\u00edces y Esperanza\u201d, un homenaje especial [&hellip;]<\/p>\n","protected":false},"author":1,"featured_media":0,"template":"","meta":{"_tribe_events_status":"","_tribe_events_status_reason":"","footnotes":""},"tags":[],"tribe_events_cat":[],"class_list":["post-16664","tribe_events","type-tribe_events","status-publish","hentry"],"_links":{"self":[{"href":"https:\/\/maratonespr.com\/index.php?rest_route=\/wp\/v2\/tribe_events\/16664","targetHints":{"allow":["GET"]}}],"collection":[{"href":"https:\/\/maratonespr.com\/index.php?rest_route=\/wp\/v2\/tribe_events"}],"about":[{"href":"https:\/\/maratonespr.com\/index.php?rest_route=\/wp\/v2\/types\/tribe_events"}],"author":[{"embeddable":true,"href":"https:\/\/maratonespr.com\/index.php?rest_route=\/wp\/v2\/users\/1"}],"version-history":[{"count":4,"href":"https:\/\/maratonespr.com\/index.php?rest_route=\/wp\/v2\/tribe_events\/16664\/revisions"}],"predecessor-version":[{"id":16670,"href":"https:\/\/maratonespr.com\/index.php?rest_route=\/wp\/v2\/tribe_events\/16664\/revisions\/16670"}],"wp:attachment":[{"href":"https:\/\/maratonespr.com\/index.php?rest_route=%2Fwp%2Fv2%2Fmedia&parent=16664"}],"wp:term":[{"taxonomy":"post_tag","embeddable":true,"href":"https:\/\/maratonespr.com\/index.php?rest_route=%2Fwp%2Fv2%2Ftags&post=16664"},{"taxonomy":"tribe_events_cat","embeddable":true,"href":"https:\/\/maratonespr.com\/index.php?rest_route=%2Fwp%2Fv2%2Ftribe_events_cat&post=16664"}],"curies":[{"name":"wp","href":"https:\/\/api.w.org\/{rel}","templated":true}]}}

<div>Es organizado por la Fundación Proyecto PaMaRa, con el lema: “Creando Sueños, Inspirando Vidas, Acompañando Caminos”. En esta edición 2026 celebramos bajo el lema “Raíces y Esperanza”, un homenaje especial dedicado a nuestros abuelos, quienes representan el origen de nuestras historias, valores y tradiciones.</div>
<div>A través de este evento, buscamos sensibilizar a la comunidad sobre la importancia de compartir en familia, fortalecer los lazos intergeneracionales y promover un estilo de vida saludable a través de la actividad física. Asimismo, honramos el legado de quienes nos precedieron, reconociendo en cada paso la sabiduría, el amor y la guía que nos brindan nuestros adultos mayores.</div>
<div></div>
<h4>Fecha: Sábado 27 de junio de 2026</h4>
<h4>Lugar: Eco&#8217;s Sports Park &#8211; Stadium St, San Juan,</h4>
<h4>Hora: 6:00 am</h4>
<h4>Inscripciones: <a href="https://eventivate.com/Events/View/5K-Cada-Paso-Por-La-Familia-2026" target="_blank" rel="noopener">Hacer clic aquí</a></h4>
<div>Incluye: T-Shirt conmemorativa del evento, número de participación, chip de cronometraje, medalla y refrigerios.</div>
<div>Se otorgarán premios a los tres (3) primeros lugares de cada categoria, en las ramas masculina y femenina.</div>
<div><a href="https://maratonespr.com/wp-content/uploads/2026/05/Route2.jpg"><img loading="lazy" decoding="async" class="alignnone wp-image-16668" src="https://maratonespr.com/wp-content/uploads/2026/05/Route2.jpg" alt="" width="886" height="472" srcset="https://maratonespr.com/wp-content/uploads/2026/05/Route2.jpg 946w, https://maratonespr.com/wp-content/uploads/2026/05/Route2-768x409.jpg 768w, https://maratonespr.com/wp-content/uploads/2026/05/Route2-300x160.jpg 300w" sizes="auto, (max-width: 886px) 100vw, 886px" /></a></div>
<div></div>

<p>Es organizado por la Fundación Proyecto PaMaRa, con el lema: “Creando Sueños, Inspirando Vidas, Acompañando Caminos”. En esta edición 2026 celebramos bajo el lema “Raíces y Esperanza”, un homenaje especial [&hellip;]</p>
